 number?
True
Is 8185 composite?
True
Is 864433 prime?
False
Is 42629 a composite number?
True
Is 1176649 prime?
False
Is 3833 a prime number?
True
Is 3943 composite?
False
Is 7009 composite?
True
Is 31303 composite?
True
Is 17583 a prime number?
False
Is 204434 composite?
True
Is 631 a composite number?
False
Is 42641 composite?
False
Is 1631787 a prime number?
False
Is 35018 composite?
True
Is 13093 a composite number?
False
Is 1985 composite?
True
Is 12323 a composite number?
False
Is 46385 prime?
False
Is 78779 a prime number?
True
Is 1783 a prime number?
True
Is 145799 composite?
False
Is 933 prime?
False
Is 2302 a composite number?
True
Is 76213 composite?
False
Is 69365 composite?
True
Is 322501 prime?
True
Is 60569 a composite number?
True
Is 311 a prime number?
True
Is 6467 a composite number?
True
Is 12659 a composite number?
False
Is 17311 composite?
True
Is 31457 composite?
True
Is 154787 a composite number?
False
Is 2419 prime?
False
Is 201059 composite?
True
Is 3659 composite?
False
Is 161077 prime?
False
Is 11642 prime?
False
Is 391 prime?
False
Is 37643 a prime number?
True
Is 58933 a prime number?
False
Is 337963 a composite number?
True
Is 105601 prime?
True
Is 17723 a prime number?
False
Is 101999 composite?
False
Is 4425547 composite?
True
Is 269039 a composite number?
False
Is 11698 prime?
False
Is 586711 composite?
False
Is 139537 prime?
True
Is 37274 composite?
True
Is 124829 composite?
True
Is 164173 prime?
True
Is 145091 a prime number?
True
Is 129277 a prime number?
True
Is 903421 composite?
False
Is 37931 composite?
True
Is 7078 a composite number?
True
Is 112555 prime?
False
Is 29101 a composite number?
False
Is 7853 prime?
True
Is 217817 a prime number?
False
Is 191303 composite?
True
Is 117739 a prime number?
False
Is 214919 prime?
False
Is 635 prime?
False
Is 4327 prime?
True
Is 66337 a composite number?
False
Is 188827 a prime number?
True
Is 438013 a composite number?
True
Is 189863 composite?
True
Is 122833 a composite number?
False
Is 1486477 composite?
True
Is 7513 composite?
True
Is 380291 prime?
True
Is 4091 composite?
False
Is 1528577 prime?
True
Is 1457 a composite number?
True
Is 698977 a composite number?
False
Is 1523 a prime number?
True
Is 380909 a composite number?
False
Is 177467 a composite number?
False
Is 672829 a composite number?
True
Is 4741601 composite?
False
Is 14621 composite?
False
Is 5039 a composite number?
False
Is 33287 composite?
False
Is 5293 a composite number?
True
Is 1121 prime?
False
Is 1389389 a prime number?
False
Is 70099 a composite number?
False
Is 134471 prime?
True
Is 401087 composite?
False
Is 138001 prime?
False
Is 7711 composite?
True
Is 418273 a composite number?
False
Is 4621 a composite number?
False
Is 467 composite?
False
Is 20477 a prime number?
True
Is 72997 a prime number?
True
Is 300853 composite?
True
Is 343843 prime?
False
Is 128981 composite?
False
Is 2938151 prime?
False
Is 578147 a composite number?
True
Is 2168139 a composite number?
True
Is 138499 a prime number?
False
Is 37397 a prime number?
True
Is 143554 prime?
False
Is 84731 composite?
False
Is 2101 composite?
True
Is 1025081 prime?
True
Is 169867 prime?
False
Is 20486 a prime number?
False
Is 142867 prime?
True
Is 63059 prime?
True
Is 30146 composite?
True
Is 7355 a prime number?
False
Is 144611 prime?
True
Is 17049 a composite number?
True
Is 477941 prime?
True
Is 1822981 a prime number?
True
Is 33247 prime?
True
Is 104137 prime?
False
Is 97111 composite?
True
Is 96377 prime?
True
Is 622807 a composite number?
True
Is 7057 a composite number?
False
Is 24711 a prime number?
False
Is 37615 prime?
False
Is 33433 prime?
False
Is 604349 a composite number?
False
Is 31867 a composite number?
True
Is 5639 a prime number?
True
Is 15659 composite?
True
Is 10977 composite?
True
Is 15791 a prime number?
True
Is 5033 composite?
True
Is 1861 a prime number?
True
Is 570329 prime?
True
Is 3763 a composite number?
True
Is 127097 composite?
True
Is 47431 a composite number?
False
Is 3137 a prime number?
True
Is 4169 a prime number?
False
Is 8881 prime?
False
Is 1242739 a composite number?
False
Is 144037 composite?
False
Is 2231887 prime?
False
Is 50961 a prime number?
False
Is 192989 prime?
False
Is 43261 a prime number?
True
Is 1507503 composite?
True
Is 12367 composite?
True
Is 3677 a prime number?
True
Is 402635 composite?
True
Is 707 prime?
False
Is 95311 a composite number?
False
Is 2647 a composite number?
False
Is 78497 a composite number?
False
Is 3359 composite?
False
Is 17707 a prime number?
True
Is 19793 prime?
True
Is 5509 a prime number?
False
Is 121879 composite?
True
Is 1204703 prime?
False
Is 16333 a prime number?
True
Is 1567201 a prime number?
False
Is 39359 composite?
False
Is 3691 a prime number?
True
Is 115033 composite?
True
Is 11159 a composite number?
False
Is 7379 composite?
True
Is 492839 a composite number?
False
Is 485 prime?
False
Is 661321 a composite number?
False
Is 3271 a composite number?
False
Is 28349 a composite number?
False
Is 479 composite?
False
Is 14447 prime?
True
Is 147993 a composite number?
True
Is 16811 composite?
False
Is 218357 a composite number?
False
Is 30223 composite?
False
Is 57917 a composite number?
False
Is 132659 a composite number?
True
Is 18041 a prime number?
True
Is 15511 prime?
True
Is 289099 prime?
True
Is 145693 composite?
True
Is 451853 a prime number?
False
Is 368129 a composite number?
False
Is 33067 prime?
False
Is 346387 a composite number?
True
Is 93389 prime?
False
Is 3186119 a prime number?
True
Is 21583 a composite number?
True
Is 783319 composite?
True
Is 8081 prime?
True
Is 22767 a composite number?
True
Is 159989 a composite number?
True
Is 657697 composite?
True
Is 30181 composite?
False
Is 425959 a composite number?
False
Is 142339 composite?
True
Is 7355 prime?
False
Is 2731327 a composite number?
False
Is 73417 prime?
True
Is 3097 a composite number?
True
Is 40483 composite?
False
Is 538357 composite?
False
Is 6297 composite?
True
Is 122099 a composite number?
False
Is 614 composite?
True
Is 191071 composite?
False
Is 31649 a composite number?
False
Is 10289 composite?
False
Is 26069 a composite number?
True
Is 19913 a prime number?
True
Is 1459 a prime number?
True
Is 182747 composite?
False
Is 237509 a composite number?
False
Is 1048343 a composite number?
False
Is 11791 prime?
False
Is 52957 a prime number?
True
Is 16877 a composite number?
True
Is 107689 composite?
True
Is 9287 prime?
False
Is 16759 prime?
True
Is 6449 a composite number?
False
Is 27641 prime?
False
Is 53987 composite?
False
Is 26143 prime?
False
Is 238541 prime?
False
Is 5351 prime?
True
Is 74771 prime?
True
Is 69191 prime?
True
Is 759329 a prime number?
True
Is 51743 a prime number?
False
Is 202021 prime?
True
Is 263041 prime?
False
Is 104069 a prime number?
False
Is 28429 a prime number?
True
Is 829 prime?
True
Is 7633 prime?
False
Is 77 composite?
True
Is 12115 composite?
True
Is 209519 a prime number?
True
Is 27203 prime?
False
Is 21767 a prime number?
True
Is 55103 prime?
True
Is 7559 a prime number?
True
Is 4377 composite?
True
Is 4861 composite?
False
Is 8741 a prime number?
True
Is 41462 a prime number?
False
Is 392146 a prime number?
False
Is 1517 composite?
True
Is 4443 composite?
True
Is 30867 a prime number?
False
Is 251 a prime number?
True
Is 212057 a prime number?
True
Is 562997 prime?
True
Is 39781 a prime number?
False
Is 103699 a prime number?
True
Is 442159 composite?
True
Is 2723 composite?
True
Is 8791 a prime number?
False
Is 7781 composite?
True
Is 31829 a prime number?
False
Is 11477 composite?
True
Is 443603 a composite number?
False
Is 41843 a composite number?
False
Is 85051 a prime number?
False
Is 2579 a prime number?
True
Is 641 a prime number?
True
Is 15819 a composite number?
True
Is 40141 a composite number?
True
Is 2903 a composite number?
False
Is 417089 a prime number?
True
Is 3791 a composite number?
True
Is 56297 a prime number?
False
Is 845227 a prime number?
False
Is 1117433 a composite number?
False
Is 52951 composite?
False
Is 193841 prime?
True
Is 557 composite?
False
Is 617579 a composite number?
False
Is 10853 a prime number?
True
Is 88463 prime?
True
Is 12373 a prime number?
True
Is 7993 a prime number?
True